110
What is -432115 (base 6) in base 8?
-105217
What is -18587a (base 11) in base 13?
-a0186
What is b76707 (base 12) in base 7?
33411256
What is 132023301013 (base 4) in base 10?
7912519
Convert -448305 (base 9) to base 6.
-5431052
-4524b (base 15) to base 14
-5a1cc
Convert 69a171 (base 13) to base 5.
1120211123
Convert 66215 (base 8) to base 4.
12302031
-4670949 (base 11) to base 12
-2894017
Convert -190276 (base 12) to base 8.
-1523172
-1a7006a (base 11) to base 15
-48c73e
Convert -274506 (base 11) to base 6.
-13121100
11237a7 (base 11) to base 9
3627010
What is 3774 (base 16) in base 12?
8270
Convert -113200 (base 14) to base 4.
-2032302200
What is -1011011010001010 (base 2) in base 7?
-253145
13052201 (base 6) to base 13
11c3c8
202002220 (base 3) to base 11
10016
Convert -540056 (base 8) to base 10.
-180270
Convert -1b0a815 (base 12) to base 4.
-111321300101
Convert -111720 (base 10) to base 3.
-12200020210
What is a809b1 (base 14) in base 5?
2423444422
What is -91194 (base 11) in base 3?
-20202212221
-2320736 (base 8) to base 16
-9a1de
Convert 1354296 (base 12) to base 13.
a4755b
100120233 (base 5) to base 7
3233542
What is -38972 (base 11) in base 7?
-321335
Convert 1000000101110111010101000 (base 2) to base 16.
102eea8
Convert 128b706 (base 13) to base 11.
33180a4
Convert -945084 (base 10) to base 7.
-11014230
Convert 1db1 (base 16) to base 15.
23bb
24122304 (base 5) to base 11
142980
-22110211102 (base 3) to base 6
-3324145
-4a364 (base 16) to base 15
-600ec
299617 (base 16) to base 2
1010011001011000010111
-21122431 (base 5) to base 10
-176616
What is 201202221222100 (base 3) in base 8?
50057227
-634374 (base 9) to base 7
-3130501
What is -1135202 (base 9) in base 11?
-38a326
-1011110111100011000 (base 2) to base 9
-652407
What is 2647476 (base 9) in base 7?
15213150
What is -104544 (base 11) in base 2?
-101000110001110100
What is 2123201321 (base 4) in base 11?
3a5696
141034 (base 9) to base 7
505612
Convert 10613362 (base 10) to base 8.
50371162
Convert 39b8a9 (base 12) to base 16.
e8c41
What is -6468675 (base 9) in base 2?
-1101001111010100000010
Convert -4247 (base 12) to base 16.
-1c57
Convert -a24866 (base 12) to base 13.
-6ab249
6319 (base 13) to base 7
54655
What is -3065503 (base 10) in base 16?
-2ec69f
11b00c (base 14) to base 16
940e4
-1013340 (base 6) to base 9
-73756
What is -2228556 (base 10) in base 13?
-600495
Convert -1bb76 (base 16) to base 15.
-23986
What is 152150020 (base 6) in base 16?
30a0bc
Convert -201101110211002 (base 3) to base 16.
-9d3841
Convert -2d9884 (base 15) to base 6.
-115203354
-101110101111101100101 (base 2) to base 8
-5657545
-3c442 (base 14) to base 3
-21120102012
-20102122 (base 3) to base 14
-19cc
11001100100110001 (base 2) to base 12
50755
-1357960 (base 10) to base 7
-14354032
What is -1054323323 (base 6) in base 7?
-201240435
1353034 (base 6) to base 16
12d4e
What is 18a26 (base 14) in base 16?
f39a
651827 (base 12) to base 16
18685f
Convert -3500503 (base 7) to base 5.
-102442410
What is 1a68a0 (base 16) in base 3?
10020221002202
-22084 (base 16) to base 6
-2553204
Convert 200002222201 (base 3) to base 8.
1270171
What is -120021121002200 (base 3) in base 12?
-2877890
Convert 32124203 (base 5) to base 3.
111202010111
-14047820 (base 9) to base 5
-3234100441
8362128 (base 9) to base 7
52663631
Convert 12240310 (base 5) to base 9.
200128
a575ac (base 13) to base 15
517451
-33033312 (base 5) to base 14
-754bc
-1618517 (base 9) to base 13
-255cb2
What is 412523 (base 7) in base 8?
211661
2761134 (base 9) to base 8
5621620
13323223 (base 4) to base 8
77353
-104580 (base 10) to base 13
-387a8
What is 10002102010121 (base 3) in base 16?
190d4d
Convert 785543 (base 10) to base 15.
107b48
Convert -a7719 (base 15) to base 12.
-217696
What is -6879427 (base 11) in base 12?
-4043495
Convert -73d33 (base 16) to base 10.
-474419
63112 (base 7) to base 9
23224
Convert -36b4a (base 15) to base 11.
-10a261
What is 2101110113 (base 4) in base 10?
595223
6254231 (base 8) to base 11
a34aa4
3301055 (base 7) to base 2
1100010100100100111
-12508187 (base 9) to base 14
-b6029a
-14064323 (base 7) to base 10
-1310081
Convert 11111010110101011010 (base 2) to base 15.
154648
Convert 2140123140 (base 5) to base 9.
8612405
Convert 694621 (base 14) to base 16.
36b365
Convert -43545a (base 15) to base 5.
-1310112420
Convert 10000100010000011011 (base 2) to base 16.
8441b
Convert -10535155 (base 6) to base 13.
-b453c
Convert 12232 (base 10) to base 3.
121210001
Convert -125565 (base 7) to base 14.
-886c
What is -5334332 (base 6) in base 10?
-261488
Convert -87302 (base 13) to base 2.
-111011101010011000
Convert -366045 (base 14) to base 5.
-434013433
-221001202210022 (base 3) to base 9
-27052708
What is -20011201001 (base 3) in base 9?
-204631
What is 9ddaea (base 15) in base 5?
3412220340
What is 2524b (base 15) in base 11?
81160
-535706 (base 8) to base 12
-87806
Convert 10011000110101000 (base 2) to base 7.
444062
-760ab1 (base 13) to base 6
-135230255
-214a3a (base 13) to base 11
-494313
1010020022102 (base 3) to base 9
1106272
What is 274373 (base 10) in base 7?
2221631
-132302131 (base 4) to base 11
-86825
230223030 (base 4) to base 9
308010
28b2c3 (base 14) to base 15
1cdd33
122045153 (base 6) to base 10
2339133
Convert -111829 (base 10) to base 7.
-644014
-102110022102 (base 3) to base 2
-110111000011010000
85526 (base 12) to base 15
36e03
Convert -25143144 (base 6) to base 14.
-170064
What is 6793 (base 12) in base 4?
2303133
-10a8508 (base 13) to base 6
-301545532
-322013111 (base 4) to base 2
-111010000111010101
1550032 (base 7) to base 2
110100001011010000
a14749 (base 11) to base 13
451715
-4aa32 (base 15) to base 9
-403202
3542044 (base 6) to base 5
21400432
Convert -6c24c (base 14) to base 15.
-532c4
Convert 116416 (base 7) to base 3.
1002110101
Convert 26285 (base 14) to base 12.
46351
31110241 (base 6) to base 14
19457b
Convert -52422215 (base 6) to base 4.
-11310312203
What is -1090cf (base 16) in base 2?
-100001001000011001111
Convert 131111012323 (base 4) to base 3.
112110121211021
What is -5046337 (base 9) in base 5?
-1142004400
-454303 (base 8) to base 13
-55005
Convert 80222 (base 12) to base 3.
22102222122
Convert -521c7 (base 14) to base 10.
-197939
What is 8c288 (base 14) in base 12?
145254
What is 2eaa1 (base 16) in base 9?
321164
Convert -132232111 (base 4) to base 7.
-1032616
Convert 2b34548 (base 12) to base 8.
41372410
What is 233230100 (base 4) in base 13?
6abb6
-259fe (base 16) to base 12
-75226
-157e8b (base 16) to base 14
-2894dd
-69280 (base 14) to base 6
-5251440
Convert -265211 (base 7) to base 15.
-eb7b
-616334 (base 7) to base 10
-105473
-4b0b0 (base 14) to base 16
-2cec2
What is -1314231 (base 5) in base 16?
-664f
-310333035 (base 6) to base 7
-63305651
What is 12a0926 (base 11) in base 15?
2e40ca
What is -46454536 (base 7) in base 6?
-223245131
26bd1b4 (base 14) to base 11
a643122
101001011222 (base 3) to base 9
331158
What is 13ab6 (base 16) in base 14?
2150a
What is 1144b95 (base 12) in base 2?
1100101100000110100001
-20612445 (base 9) to base 15
-d11c2b
Convert 21b05 (base 16) to base 12.
67a31
What is 109316 (base 10) in base 14?
2bba4
Convert -54833 (base 9) to base 5.
-2131044
What is bcb8c4 (base 15) in base 11?
50976a7
What is 161554353 (base 7) in base 12?
37a8249
What is -8a768 (base 11) in base 16?
-2011f
15230077 (base 8) to base 13
9507a4
What is 10463001 (base 8) in base 9?
4215328
Convert -1b4337 (base 12) to base 11.
-300967
What is -65a87 (base 11) in base 3?
-11212102101
Convert -44314310 (base 6) to base 16.
-145302
Convert 10203141232 (base 5) to base 4.
220123302033
Convert 22451121 (base 6) to base 15.
d9b3d
Convert -33010031311 (base 4) to base 8.
-17041565
What is 4300344 (base 5) in base 4?
101210212
-18a898a (base 11) to base 15
-438829
Convert 534394 (base 13) to base 2.
111011100011101001100
Convert 105199 (base 11) to base 7.
1266415
Convert 3f234 (base 16) to base 11.
167332
-6b72ba (base 12) to base 13
-48910c
-e1183 (base 15) to base 7
-6025116
What is -100100010111110000 (base 2) in base 15?
-2e21b
-3e1c41 (base 16) to base 4
-33201301001
Convert -41626461 (base 7) to base 15.
-497d5c
1912c1 (base 13) to base 10
631034
What is -653816 (base 9)